 - 4*g + 2. Let i be b(-8). Suppose -j + 58 = 5*l + 3*j, 2*j - i = -3*l. What is the tens digit of l?
1
Let l(b) = -b**3 + 3*b**2 + b - 2. Let m be l(-7). Suppose 5*f - m = 139. What is the units digit of f?
4
Let u(o) = -o. Let a be u(-3). Suppose -l = 2*t - 6 - 2, 3*l = 3*t - 12. Suppose 4*d - 16 = l, 2*j = a*j + 2*d - 22. What is the tens digit of j?
1
Let z be 34 - 1/(4/(-8)). Suppose -5*f = 4*p - z - 177, 2*p + 4*f - 108 = 0. What is the units digit of p?
2
Let i be 663/3 + (1 - -2). Let j = i + -102. Suppose 4*f - j - 10 = 0. What is the tens digit of f?
3
Suppose 2*h = 4*b - 9650, -12*h + 15*h + 4831 = 2*b. What is the tens digit of b?
1
Let y(q) = -45*q**3 - 19*q**2 - 14*q. What is the units digit of y(-5)?
0
Let c = 125 - 123. Let y be (4/2)/((-4)/(-36)). Suppose -v - c*v = -y. What is the units digit of v?
6
Let l(m) be the second derivative of -m**5/20 + m**4/3 + m**3/2 + m**2/2 - 8*m - 1. Let u(n) = -n + 2. Let a be u(-2). What is the tens digit of l(a)?
1
Let u(s) = -s**3 + 4*s**2 + 7*s - 5. Let t(m) = m**2 + 7*m - 3. Let z be t(-8). Let j be (14/7)/(2/z). What is the units digit of u(j)?
5
Suppose 4*f = 7*q - 2*q - 1246, q + 2*f = 238. What is the tens digit of q?
4
Let d(g) = 41*g**2 + 8*g + 14. What is the units digit of d(-3)?
9
Let c = -4340 + 6583. What is the hundreds digit of c?
2
Let s(r) = -r**3 + 27*r**2 + 42*r + 36. What is the hundreds digit of s(28)?
4
Let y = 1 + 2. Let s = -3 + 4. Let q = y + s. What is the units digit of q?
4
Let f = -2 + 4. Suppose 0 = f*y + y + 3*u - 3, -5*u = -4*y + 22. Suppose -y*j + 39 - 12 = 0. What is the units digit of j?
9
Suppose 1504 - 6243 = -7*p. Let s = 964 - p. What is the hundreds digit of s?
2
Suppose 5*r + 78 = -3*g, r - 2*r - 13 = -2*g. What is the tens digit of (-76)/(-6)*r/(-5)?
3
Let j(l) = -16*l**3 + 7*l**2 + 19*l + 82. What is the thousands digit of j(-6)?
3
Let j = 26 + -23. Suppose j*u + 5*f - 111 = 0, -2*u + 43 + 31 = 2*f. Suppose -29 = -2*i + u. What is the units digit of i?
3
Let g = 58 - 53. What is the units digit of g*(-3)/(-5) + 90?
3
Let o = 1783 - 1231. What is the tens digit of o?
5
Let i = 944 + -213. What is the units digit of i?
1
Let g = 49 - 39. Suppose -1416 = -2*p - g*p. What is the units digit of p?
8
Suppose 3*m - 2*m = 0. Let y(k) = -k**3 - k**2 + k + 20. Let w be y(m). Suppose 5*a + w = 0, -2*a - 68 = -3*x + 15. What is the units digit of x?
5
Suppose 2*c - 2*c + 8*c = 0. Suppose 3*r = -4*n + 797, c*r = 5*n - r - 1001. What is the hundreds digit of n?
2
Suppose 5*h + 3 + 2 = 0. Let g = 46 + -45. What is the units digit of (7/g)/(h - -2)?
7
Let x(t) = -2*t - 5. Let z be x(-5). Suppose -3 = o - z. What is the units digit of o/(-9) - (-130)/18?
7
Let m be 85 + (8/36 - 87/27). Let o = -6 + m. What is the units digit of o?
6
Let n(f) = -9*f + 30. Let p(u) = -36*u + 120. Let a(h) = -9*n(h) + 2*p(h). What is the tens digit of a(7)?
3
Suppose -3*y - 651 + 2114 = -4*a, 0 = -3*y - 5*a + 1418. What is the units digit of y?
1
Let z be -14 + 15 + (-632)/(-2). Suppose -3*n = -7*n + 3*i + z, -3*n + 259 = 2*i. What is the tens digit of n?
8
Let h be -1*1/(-3)*(6 - 3). What is the units digit of 15 + -11 + 97/h?
1
Suppose -9*f + 9 + 9 = 0. Suppose f*x - a - 162 = -2*a, 3*x - 243 = -5*a. What is the units digit of x?
1
Let b(k) = 23*k**2 + 2*k - 16. What is the hundreds digit of b(3)?
1
Let g(d) = -1 + 6*d + 32 - 12 + 23. What is the units digit of g(19)?
6
Let u = 28 - 11. Let p = u + -31. What is the units digit of ((-8)/(-6))/(p/(-147))?
4
Let l be 41 - (-1 + 5/1). Suppose -w = -19 - l. What is the tens digit of w?
5
Let t = 2205 - 168. What is the tens digit of t?
3
Suppose -4*k = -282 + 42. Let w be (6/(-4))/((-45)/k). Suppose n - w = 19. What is the tens digit of n?
2
Suppose 12*o + 2155 = 7*o. Let k = -115 - o. What is the tens digit of k?
1
What is the units digit of (3 + -2)/(3/123 - 0)?
1
Let k(d) = -d**2 - 7*d - 3. Let b be k(-6). Let z = b + 16. Suppose 0*u + z = u. What is the tens digit of u?
1
Let g(y) = -16*y + 8. Let u be g(1). Let f(v) = v + 5. Let z be f(-4). What is the units digit of z/4*-2*u?
4
Let y(t) = -7*t + 3. Let q(i) = -14*i + 5. Suppose 21 = -h + 4*h + 3*f, 3*f - 15 = 0. Let m(a) = h*q(a) - 5*y(a). What is the tens digit of m(3)?
1
What is the tens digit of (34 + -46)*((-719)/(-3))/(-1)?
7
Let q(x) = 3*x - 14. Let w be q(6). Suppose 4*v = -s + 40, 20 = 5*v - 3*v - w*s. What is the tens digit of (216/(-30))/((-1)/v)?
7
Suppose -18*v = -39 - 11481. What is the units digit of v?
0
Let u be (-10)/50 - 26/(-5). Suppose r = 0, 0*n + u*r = -5*n + 90. What is the units digit of n?
8
Let p(f) = 3*f**2 + 9*f + 51. What is the hundreds digit of p(19)?
3
Let z be (-4)/10 + (-34)/(-10). Suppose 2*r = -r - z. What is the units digit of 4 - 1 - r*4?
7
Suppose -32 = -5*h - 0*o + 4*o, -4*h + o + 19 = 0. Let s(i) = -i**2 + i**3 + 16*i - 12 - 13*i**2 + h*i**2. What is the units digit of s(9)?
1
Let m = 18 + -2. Suppose -5*j = -j + m, -181 = -3*t - 5*j. What is the tens digit of t?
6
Let s(q) = 3*q**2 - 6*q + 21. Let h(r) = -r**2 + 3*r - 10. Let w(j) = 7*h(j) + 3*s(j). What is the units digit of w(4)?
7
Suppose 5*s + 50 = 3*v + 2*v, 4*s = -5*v + 5. Let w(m) = 16*m - 5. What is the tens digit of w(v)?
7
Suppose -5*f - 4*n = -0*n + 628, 143 = -f + 5*n. Let w = -76 - f. What is the units digit of w?
2
Let w = -2233 + 4890. What is the thousands digit of w?
2
Suppose -4*n = 3*n - 2954. What is the units digit of n?
2
Suppose 11987 + 23373 = 10*s. What is the tens digit of s?
3
Let l = -2 - -1. What is the tens digit of ((l - -1) + -1)*-54?
5
Let y be (-4)/(-10)*(4 + 1). Suppose -y*u + 3 = 5*n, -n + 5*u = 2*u + 13. What is the units digit of 3 + n/(-1) + -1?
3
Let s = -2075 - -3155. Suppose 0*v - s = -5*v. What is the tens digit of v?
1
Let r(v) = v**2 - 4*v - 5. Let z be r(5). Suppose z = -2*g + 2, 0 = -4*j + 5*g + 35 + 32. Suppose -127 - j = -5*k. What is the tens digit of k?
2
Suppose 0 = 2*g - 3*f + 19, -3*g - 2*g - 2*f = 0. Let n = g + 16. What is the units digit of n?
4
Let f be (((-52)/8)/(-13))/((-2)/4). What is the units digit of -2 + f + 858/33?
3
Let u = 26 - 37. Let z = u - -36. Suppose -58 + z = -3*s. What is the units digit of s?
1
Let r(n) be the first derivative of -21*n**2 - 11*n + 11. What is the tens digit of r(-2)?
7
Let a(l) = -2*l**3 - 8*l**2 - 6*l + 5. What is the tens digit of a(-7)?
4
Suppose 4*a - 19 - 25 = -5*n, -3*a - 3*n = -36. Suppose 0 = 4*d + a, 3*o - 4*d - 335 - 98 = 0. What is the tens digit of o?
3
Let r be 11/2*(-280)/(-154). Suppose -3*i = -5*v - 80, -3*v = -4*i - 0*v + 114. Suppose -7*k = -r*k + i. What is the tens digit of k?
1
Suppose -2*f + 4*x + 267 - 9 = 0, 3*f - 367 = x. Suppose -f*h + 122*h = 176. What is the tens digit of h?
7
Let j = 138 + -86. Suppose 14 = -t + j. What is the tens digit of t?
3
Suppose 0 = -2*a - 0*a + 6. Let m be (2/2)/((-1)/(-2)). Suppose -37 - a = -m*z. What is the units digit of z?
0
Let w = 3 + -3. Suppose 0 = -w*r - 2*r - 4, -4*r = -3*p + 17. Suppose -d - 2*i = 1 + 3, i = -p*d + 13. What is the units digit of d?
6
What is the tens digit of -176*11/(-2) + (9 - 12)?
6
Suppose -4*j + 5*i - i - 28 = 0, 4*i = j + 4. Let x(q) = q**3 + 12*q**2 + 10*q - 3. What is the units digit of x(j)?
3
What is the hundreds digit of ((-9)/((-135)/10))/(16/38328)?
5
Let p = 74 + -197. Let b be (-2)/1*356/4. Let q = p - b. What is the units digit of q?
5
Let n be 11/(-2 - (3 - 6)). Let t(j) = 2*j**2 - 2*j**2 - j**2 + 3 + n*j - j. What is the units digit of t(10)?
3
Suppose 46*z - 48*z = -2. What is the tens digit of 17/(z/(-2) - (-30)/52)?
2
Let k(v) = -v**2 - 8*v + 3. Let q be k(-7). Let m = 184 + q. Suppose -3*p - 20 + m = 0. What is the units digit of p?
8
Let z = 9 - 5. Suppose 0 = 3*w - z*w + 38. What is the tens digit of (w/(-10))/((-2)/10)?
1
Suppose -z - 3*z = -152. Let l = z - 17. What is the tens digit of l?
2
Let k = 11420 + -8007. What is the hundreds digit of k?
4
Let p be 7/14 + (-21)/(-6). Suppose 0 = -8*z + p*z + 760. Let i = 266 - z. What is the tens digit of i?
7
Let c(n) = -5*n**3 + 15*n**2 + 63*n + 30. What is the thousands digit of c(-9)?
4
Let l(y) = 2*y**2 - 16*y + 68. What is the hundreds digit of l(21)?
6
Suppose 2*v - 209 = 597. What is the units digit of v?
3
Suppose 0 = -l - 4*w - 2, 